 Is n prime?
False
Let s be (-52)/(-6) + 8/(-12). Suppose -3*h = -s*h - 5*t + 330, -3*h + t = -218. Suppose 2*w - h = p - 24, -2*p - 2 = 0. Is w prime?
True
Suppose 28 = 2*w - 3*w. Let i be w/(-5) - 2/(-5). Suppose 4*s + 128 = 4*k, 4*k - 140 = -2*s - i. Is k composite?
True
Let q = -2524 + 1747. Is (-1)/((-2328)/q - 3) a prime number?
False
Let h(w) = 10*w**2 - 5*w + 4. Let a be 4 + (0 + -2)/2. Is h(a) a prime number?
True
Let x(f) = -f - 3. Let c be x(-7). Suppose 0 = -4*j, 4*b - c*j - 28 = -5*j. Is b prime?
True
Suppose -8*u = -3*u - 9605. Is u a composite number?
True
Let t(n) = -4 + 147*n + 1 - 2. Is t(2) composite?
True
Let q(j) = 3*j**3 + 2*j**2 + j - 1. Let b be q(-3). Let h = b - -404. Is h composite?
False
Is (-1 - 0)/(4/(-764)) prime?
True
Let i(k) = k**2 - 4*k - 11. Let l be i(5). Is (15 + -12)*(-194)/l a prime number?
True
Let a = 17 + -12. Let c = a + -3. Suppose 203 = c*i + 33. Is i a prime number?
False
Suppose 6*d - 3582 = 2940. Is d composite?
False
Let a = 9 + -7. Suppose 0 = -5*d + 20, -5*c - d + a*d = 14. Let b(i) = 41*i**2 + 3*i + 3. Is b(c) composite?
True
Suppose i = -2*i + 273. Let w = -17 + i. Is w a composite number?
True
Let j(q) = -q**3 + 4*q**2 + 4*q - 5. Let i be 4/(-14) + 90/21. Let g be j(i). Suppose 2*n - n + 2*a - g = 0, 4*n - a - 80 = 0. Is n a prime number?
True
Let l be (-1338)/9*3 + 2. Let j = l + 1001. Is j a prime number?
True
Suppose 5*b - 324 = -4*q, -3*b = -0*b. Let i = 41 - q. Let o = i - -63. Is o a prime number?
True
Suppose 0 = 4*g + 903 + 217. Let a = -174 - g. Is a a prime number?
False
Suppose u + 2*n - 1909 = -0*u, 0 = 5*n + 25. Is u a composite number?
True
Suppose 5*g = -20, 5*u - 4*g = 93 + 468. Is u composite?
False
Let j(o) = -9 + 0*o**2 + 16*o**2 + o**3 - 4*o**2 + 3. Let u = -22 + 11. Is j(u) composite?
True
Suppose -4*k + 4 = -8. Suppose -k*t = -72 - 39. Is t a prime number?
True
Suppose -6*c + 3*c + 6 = 0. Suppose -3*w + 3 = -c*w. Is w a composite number?
False
Let g(d) be the third derivative of d**6/120 + 7*d**5/60 + d**4/8 - 5*d**3/6 - 2*d**2. Is g(-4) a composite number?
False
Suppose -5*z - 3*c + 1396 = 0, 5*c - 288 = z - 2*z. Suppose -2*q = 2*u - z, -3*q + 591 = 2*u + 178. Is q/10 - (-2)/4 a composite number?
True
Let j = 27 + -15. Let g = 46 - j. Suppose 3*b - 153 = -5*i, b - 2*i - 2*i - g = 0. Is b prime?
False
Suppose 5*s - 2*d - 627 = 0, 154 - 543 = -3*s - 2*d. Is s composite?
False
Let o be (-5)/10 + (-37)/(-2). Let s be (-209)/(-3) - 12/o. Is 6/3 + s + -2 prime?
False
Let r(c) = -c**3 + 5*c**2 + 2*c - 7. Let z be r(5). Suppose -6 = -z*p, -3*d - 3*p - 25 = -64. Suppose 3 = 2*w - d. Is w prime?
True
Let y(l) = 31*l - 5. Is y(4) a prime number?
False
Suppose 0 = g - 3, 3*g + 52 = u + 4*g. Is u a composite number?
True
Is (1 - 2974)*1/(-3) prime?
True
Suppose 0 = h + 4*h - 445. Is h prime?
True
Let a(k) be the first derivative of 2*k**3 + 9*k**2/2 + k + 1. Let v(c) = 2*c**2 + 2*c - 6. Let n be v(0). Is a(n) composite?
False
Is 8/60 - ((-38829)/45 + -2) a prime number?
False
Let u = -20 + 14. Let i be -13 + 2*3/u. Is (-4)/i + (-682)/(-14) a composite number?
True
Let z be (-2)/(-7) + 1536/14. Let n = z - 63. Is n a composite number?
False
Let q(y) = 3*y**3 + 1 + 2*y**3 + y**2 - 3*y**3 + 4*y. Is q(4) prime?
False
Let o(i) = -i**2 + 6*i - 4. Let c be o(3). Let a = -11 + 23. Suppose a = -w + c*w. Is w a prime number?
True
Suppose 5*p + 2*n = 4, 3*p + 2*n + n + 3 = 0. Let f(l) = 0 + p*l + 2 + 6*l + l**2. Is f(-9) a prime number?
True
Let g(k) = 2*k - 13. Let i be g(9). Let h(r) = r**3 - r**2 + 5*r + 6. Is h(i) composite?
False
Suppose -3*o = 2*d + 2, -3*d = -d + 5*o + 6. Is (-61 + d)/(1/(-2)) a prime number?
False
Let u be 10*(2 - 9/6). Suppose u*q = 5*v - 55, 3*v = -4*q + 36 - 3. Is v composite?
False
Suppose 0 = -k + 5*k + 180. Is (k/6)/5*-10 a composite number?
True
Let u be (4/2)/(2/3). Suppose -3*q + 3*k = -2*k - 125, -u*q + 97 = 2*k. Is q composite?
True
Let z be -6*((-21)/9 - -2). Let j = z + -1. Let g = j - -30. Is g prime?
True
Suppose 0 = -3*o + 8 + 4. Suppose o*b = -5*j + 13, -2*j = 5*b - 5*j - 44. Is b a prime number?
True
Let r be 1/(-3) + (-169)/(-3). Let m = r - 35. Is m composite?
True
Let y(x) = -190*x - 1. Is y(-2) composite?
False
Suppose -5*u = 369 + 41. Let g = -179 - -358. Let f = u + g. Is f prime?
True
Let k = 104 - 53. Is k a composite number?
True
Let c(i) = 79*i**2 - i + 1. Is c(1) composite?
False
Let n be ((-9)/(-2))/(6/8). Suppose 3*a - n*a = -201. Is a composite?
False
Suppose 8*q - 512 = 3*q - 3*g, 0 = -5*q - 5*g + 510. Is q a prime number?
True
Let t(q) = q**3 + 4*q**2 - 4*q - 2. Let l be t(4). Let j = l - -7. Is (2/6)/(3/j) prime?
True
Is ((-1)/1)/(1/(-1337)) prime?
False
Let g = 14 - 12. Suppose b - 273 = -g*b. Is b prime?
False
Is (1266/18)/((-1)/(-3)) prime?
True
Suppose -2*f + 5*s = -3671, 0 = f - 2*f - 5*s + 1858. Is f prime?
False
Let b(j) = 17*j + 9. Is b(8) a composite number?
True
Let s = -2400 + 4195. Suppose -3*u + s = 604. Is u a prime number?
True
Let s = -5 + 38. Suppose 3*u + 0*y - y - 164 = 0, 0 = -u - 4*y + s. Is u a prime number?
True
Let s(w) = -w**2 - 4*w + 7. Let v be s(-5). Suppose 7*k - 3*k - 38 = -2*p, 0 = 5*p + v*k - 63. Is p prime?
True
Let w = 0 - -3. Let d(f) = -w + 3*f**2 - 2*f + 0*f**2 - 4*f. Is d(-4) composite?
True
Suppose 5*h - 29 = -s, -h - 4*h + 10 = 0. Is s prime?
True
Let t(c) = 17*c**2 + 4*c + 4. Let p be t(-5). Suppose p = 5*y - 406. Is y a prime number?
True
Let p = 859 + -596. Is p a prime number?
True
Suppose 5*r + 15 = 4*r + 5*h, 3*r - 19 = -h. Suppose -6*o + r*o - k = -150, o + 5*k = 154. Is o a prime number?
True
Suppose -3*f + 4 = -4*f. Is (-2794)/(-18) - f/(-18) a composite number?
True
Suppose -2*r = 2*s - 1022, s - 1554 = -3*r + 5*s. Is r composite?
True
Let o be 3/((-3)/9*-3). Suppose 0 = -o*q + q + 526. Is q a composite number?
False
Let o(u) = 2*u**3 + 3*u**2 + 3*u + 3. Let l be o(-2). Let q = l + 12. Suppose -q*t + 76 = 21. Is t composite?
False
Let w(z) = -6*z - 9. Let l be (-4)/18 - (-350)/(-45). Is w(l) composite?
True
Let r(y) = -y**3 + 7*y**2 + 8*y + 9. Is r(7) a composite number?
True
Suppose -5*h - 5*d = -450, 6*h - 423 = h + 4*d. Let x = 140 - h. Is x composite?
False
Suppose -2*o = -1029 + 55. Is o prime?
True
Let p(z) = -z**2 + 2*z - 1. Let f be p(1). Suppose 4*j + 5*h - 3561 = f, 4448 = 5*j + 3*h - 0*h. Is j composite?
True
Is 16/14*21/6 prime?
False
Let a(b) = b**2 + 2*b - 1. Let v be a(1). Suppose -69 = -w - v. Is w prime?
True
Suppose -p = -2*p + 2. Let a(w) = -w**3 + w**2 + w - 2. Let g be a(p). Is 7/(-14) + (-358)/g a prime number?
True
Let d = 415 - 38. Is d composite?
True
Let c(o) = o**3 - 2*o**2 - 2*o. Let v be c(4). Suppose -2*f - v = 4*d - 136, 3*f - 183 = -d. Is f prime?
False
Suppose -3*n - 5*b + 28 = -2*n, 14 = 3*n + b. Suppose -2*a = -n*a. Suppose s + s - 254 = a. Is s prime?
True
Suppose d - 327 = 3*p + p, 4*d + 4*p = 1208. Is d a composite number?
False
Suppose -5*w - 4*h + 47 = -34, 55 = 3*w + 4*h. Suppose -a + 2 = 1. Let t = w + a. Is t a composite number?
True
Suppose -5*r + z = -z - 1471, -4*z + 8 = 0. Is r composite?
True
Let i be ((-12)/(-18))/((-4)/(-6)). Is (4 - 3)/(i/127) prime?
True
Let h = -58 + 155. Is h prime?
True
Let v(h) = 2*h - 2. Let f be v(1). Suppose -2*w + 5*r = -284, -2*r = -4*w + w + 404. Suppose -g - 20 = -2*x + 63, 3*x - 3*g - w = f. Is x composite?
True
Let i be (-1 - 0)/((-1)/5). Suppose 2*l = 4*r + 102, -2*r + 7*r - i = 0. Is l a composite number?
False
Let h(p) = -p**3 + 4*p**2 + p - 1. Let l be h(4). Suppose 2*t + 0*o = -2*o + 12, -l*t - 2*o + 17 = 0. Let m = t - -30. Is m a prime number?
False
Let m be 12/6*3*1. Let d(r) = 2*r - 5. Is d(m) a prime number?
True
Let j(i) = 76*i + 1. Suppose -5*h + w - 2*w = -19, 5*h + 3*w = 27. Suppose -5*r + 3*g - 7 = 0, 32 - 9 = h*r + 5*g. Is j(r) composite?
True
Let l = 5 - 0. Suppose -6*m + m = -l. Is 21*m*(3 + -2) a prime number?
False
Let t(s) = -7*s**2 + 6*s - 7. Let j be t(8). Let d = 742 + j. Is d prime?
False
Suppose 3*a + 25 = 313. Suppose 5*x = x + a. Suppose 2*l - x = -5*k - 0*k, 6 = -k - 4*l. Is k a composite number?
True
Is (-1)/(0 + 3/(-1065)) prime?
False
Let f(m) = 239*m + 30. Is f(13) prime?
True
Let a = 15 - 11. Suppose a*g = g + 195. Is g a prime number?
False
Is -8 + 3 + 2203 - 3 a